onvert -41919c (base 13) to base 7.
-16015506
What is -2dd6c (base 14) in base 9?
-184852
233312545 (base 6) to base 12
1565755
Convert 310661 (base 11) to base 4.
1321232123
Convert 9b6144 (base 16) to base 8.
46660504
Convert -154128 (base 13) to base 2.
-1111111101101010001
What is 21212020200111 (base 3) in base 5?
2032141134
-705a3 (base 13) to base 11
-127a41
Convert -b5824 (base 15) to base 2.
-10001100100001100000
-3130203 (base 6) to base 8
-450233
What is 134045240 (base 6) in base 11?
1592966
What is -571a50 (base 12) in base 9?
-2552176
-a07622 (base 14) to base 2
-10100100110000001111110
What is -7cf (base 16) in base 7?
-5554
Convert -5296a (base 12) to base 7.
-631240
-42212402 (base 5) to base 9
-584404
113a028 (base 11) to base 5
1002134000
-774a (base 13) to base 3
-211210201
-c2812 (base 15) to base 3
-1011022002022
19103d (base 14) to base 3
1200000212102
What is 74177 (base 9) in base 3?
2111012121
Convert -94a60 (base 14) to base 5.
-42440024
What is -a2602 (base 14) in base 12?
-16a20a
-113332042 (base 5) to base 7
-4323605
12156106 (base 7) to base 3
2001100212201
What is -15535315 (base 8) in base 13?
-987760
Convert -1100101221211 (base 3) to base 13.
-1c1212
What is -134511040 (base 6) in base 12?
-b05480
-270986 (base 10) to base 16
-4228a
What is -1430230 (base 10) in base 9?
-2618814
d2913 (base 15) to base 9
1225750
Convert 10021111101 (base 3) to base 14.
19721
-124270 (base 10) to base 7
-1025206
-131212122 (base 4) to base 10
-121242
Convert -2bd30 (base 15) to base 9.
-234800
What is -669f9a (base 16) in base 2?
-11001101001111110011010
11435441 (base 7) to base 4
3320123123
Convert -43410151 (base 6) to base 12.
-523957
What is -1311645 (base 7) in base 9?
-280676
2318135 (base 13) to base 15
e39182
68b33 (base 16) to base 11
273225
What is -1220211210101 (base 3) in base 12?
-412654
What is -249ed3 (base 16) in base 11?
-139a138
-10110011101000110010 (base 2) to base 16
-b3a32
3105100 (base 6) to base 8
442574
-118840 (base 15) to base 13
-234a89
What is -277c3c (base 14) in base 12?
-55a73a
2120021222000 (base 3) to base 15
1be1dc
Convert 4897925 (base 11) to base 14.
11b9b4a
Convert 100011000110010110110110 (base 2) to base 12.
30b8846
Convert -302214452 (base 6) to base 11.
-29a8342
What is 127a5 (base 11) in base 4?
10131121
Convert 1002643 (base 9) to base 3.
1000002201110
Convert 3110110 (base 5) to base 16.
c5df
What is -1755580 (base 9) in base 3?
-1211212122200
What is -44ad9 (base 16) in base 6?
-10010201
696217 (base 10) to base 4
2221332121
What is -112220020120222 (base 3) in base 15?
-a65d4b
-3e2c (base 15) to base 13
-60a5
What is -16618612 (base 9) in base 13?
-195c701
Convert -1110408 (base 9) to base 16.
-91d87
What is 160351 (base 11) in base 14?
66c04
What is 31055251 (base 6) in base 12?
371527
-11185752 (base 9) to base 12
-199a592
100100101120 (base 3) to base 4
230322321
-2105891 (base 10) to base 9
-3858658
-210233322 (base 4) to base 11
-a30a9
What is 1b545c (base 13) in base 5?
134302302
Convert -5cc2 (base 15) to base 3.
-1000002202
Convert -10010000100110111001 (base 2) to base 12.
-246935
What is -32051687 (base 9) in base 8?
-72727600
-17eb2 (base 15) to base 10
-77567
-3a858a (base 15) to base 7
-32623042
Convert 8c5a6 (base 15) to base 8.
1550475
-45153233 (base 6) to base 9
-2514513
Convert -7b846 (base 12) to base 10.
-165366
-37543 (base 15) to base 16
-2b230
Convert -2118447 (base 12) to base 2.
-10111110111010101110111
Convert 249038 (base 11) to base 7.
3223600
-1421162 (base 7) to base 9
-318708
Convert -4889730 (base 10) to base 12.
-1779856
Convert -1345155 (base 6) to base 10.
-76319
What is 4551000 (base 6) in base 11?
149501
-cef26 (base 16) to base 11
-529945
Convert 11101111000111010011 (base 2) to base 13.
283a44
10100110011111001000 (base 2) to base 14
13a732
Convert -598062 (base 12) to base 14.
-2986b8
Convert 3036026 (base 7) to base 11.
228169
-317302 (base 8) to base 12
-51542
Convert 4b85b51 (base 12) to base 4.
320223100231
What is 1556cc (base 15) in base 5?
230442132
What is -11001100010100111001000 (base 2) in base 16?
-6629c8
fd5f (base 16) to base 2
1111110101011111
What is 100131300 (base 4) in base 8?
203560
What is 386871 (base 11) in base 2?
10010100110000100001
What is -2753002 (base 10) in base 3?
-12011212102001
8040103 (base 9) to base 11
2462020
Convert -101311111 (base 4) to base 16.
-11d55
What is 29b57b4 (base 12) in base 6?
501033144
2012 (base 12) to base 13
176c
What is f78a7 (base 16) in base 6?
33422035
2110212 (base 3) to base 2
11100001101
Convert -5392530 (base 10) to base 12.
-1980816
-1a263 (base 11) to base 7
-145253
Convert 83014 (base 14) to base 3.
121000220002
Convert -26b76 (base 13) to base 4.
-101221010
What is 942d7 (base 15) in base 16?
72b11
Convert -314130 (base 9) to base 3.
-100111011000
What is -206a07 (base 12) in base 9?
-855777
Convert -7a134 (base 16) to base 11.
-311744
Convert 340b88 (base 16) to base 12.
1185a34
-121559 (base 10) to base 7
-1014254
Convert 116251 (base 7) to base 13.
9982
62266533 (base 7) to base 5
2314230103
Convert 322531 (base 7) to base 3.
2212001121
12416105 (base 7) to base 4
10110001112
What is 164714 (base 8) in base 9?
101082
c5a549 (base 15) to base 9
18617136
-33396 (base 13) to base 5
-10433104
Convert 15da (base 14) to base 11.
2a40
Convert 834b29 (base 13) to base 9.
5683654
Convert -1341120 (base 6) to base 11.
-51745
-21412 (base 13) to base 10
-60010
What is -da94d (base 16) in base 2?
-11011010100101001101
What is -102335142 (base 6) in base 5?
-430120121
-2978b (base 13) to base 6
-1402001
-2231220332 (base 4) to base 14
-1472a2
Convert 377025 (base 8) to base 11.
8a120
-707a3a (base 11) to base 12
-46a633
What is 41309 (base 16) in base 5?
32021032
What is 1b6c42 (base 13) in base 5?
134410403
102230132 (base 4) to base 11
52593
What is 257b9 (base 14) in base 11?
63206
Convert 221043013 (base 5) to base 14.
1ac584
Convert -506375 (base 8) to base 16.
-28cfd
Convert 412152 (base 16) to base 6.
231252550
-3320004124 (base 5) to base 7
-115045245
Convert 1135210 (base 6) to base 3.
10000120220
What is 5287476 (base 10) in base 2?
10100001010111000110100
-4004375 (base 8) to base 3
-1222101112101
-20318 (base 13) to base 7
-330035
What is -61a5 (base 13) in base 4?
-3102232
What is -1000512 (base 6) in base 13?
-18425
-71780 (base 11) to base 16
-19931
What is -102012220022 (base 3) in base 12?
-a7952
What is 17413 (base 8) in base 7?
32112
What is 65aa86 (base 12) in base 3?
10001002001010
What is -100331520 (base 7) in base 11?
-3317a21
What is 23112443 (base 5) in base 9?
345255
Convert 10212260 (base 9) to base 12.
1789046
Convert -2062412 (base 8) to base 12.
-226462
What is -169a2b2 (base 13) in base 9?
-14717405
Convert -101031111 (base 5) to base 12.
-178335
Convert 512152 (base 6) to base 11.
28619
106187 (base 10) to base 14
2a9ab
-406545 (base 7) to base 12
-34310
Convert -50431615 (base 7) to base 16.
-3ffa1b
Convert -34416 (base 7) to base 8.
-21120
What is -1333333222 (base 4) in base 8?
-1777752
Convert 100011011010101001 (base 2) to base 7.
1142634
What is b2d52a (base 15) in base 8?
40330327
What is 17134322 (base 9) in base 6?
504001115
Convert 11115141 (base 7) to base 12.
3a49a9
-10423125 (base 7) to base 13
-255198
Convert 22101012001 (base 3) to base 6.
3311214
-32626146 (base 7) to base 2
-1010101110111100010000
What is 1111101001211 (base 3) in base 9?
1441054
Convert -15113401 (base 6) to base 15.
-a4ec1
What is 660501 (base 7) in base 12?
56a06
-1211153 (base 9) to base 15
-ce9c3
What is 55574 (base 12) in base 15?
237bd
What is 55cab5 (base 13) in base 5?
1004334342
Convert -4683f6 (base 16) to base 10.
-4621302
-329 (base 15) to base 2
-1011001010
What is 473191 (base 10) in base 3?
220001002121
Convert 440313023 (base 5) to base 6.
104224352
85658 (base 11) to base 3
20022212210
Convert 3992b (base 15) to base 10.
184316
Convert 37598 (base 10) to base 7.
214421
Convert -101110100100011001000 (base 2) to base 5.
-342312320
-386a0 (base 12) to base 7
-440352
Convert 49a59a (base 12) to base 5.
301400240
What is -13840149 (base 10) in base 6?
-1212350433
What is -b8105 (base 12) in base 5?
-30221234
What is -2b2154 (base 12) in base 2?
-1